5 + -3 - 2) + 10 + -8.
-7
-7 - -30 - (-50 - -77)
-4
What is the value of 0 + -4 + -9 + -7?
-20
Evaluate 6 + 0 + 0 + (16 + -16 - 18).
-12
Evaluate 27 - (8 + -15 + 11).
23
Evaluate -9 + 36 + (6 - ((2 - 1) + 5)).
27
(77 - 86) + (-8 + 7 - (9 + 2))
-21
What is the value of 5 + (-28 - -6) + 38?
21
3 + 0 - (-4 + 15 - -4)
-12
What is the value of (3 - -10) + -12 + -7 + 0?
-6
-19 + -6 + (2 - (9 - 18 - -1))
-15
(-5 - (-25 - 13)) + -23
10
What is the value of (-1 - -8) + (20 - (18 + -9 + 6))?
12
7 + (-4 - 34) + (20 - 8)
-19
Evaluate (-7 - (9 - 6)) + (0 - (0 - 5)).
-5
What is the value of -6 + -4 + -4 + (-13 - -26)?
-1
Evaluate -7 - (-4 + -7 - (-6 + -6)).
-8
Calculate 68 - 7 - (34 - 3).
30
What is (-6 - 2) + 19 + (-7 - 25) + 5?
-16
41 - 41 - (6 - 9)
3
Calculate -3 + -12 + 15 - -6.
6
Evaluate 0 - (-12 + 7 + 14).
-9
-38 - (15 - 50) - (1 - 15)
11
What is the value of 1 - (0 + -1 + -8) - (19 + -6)?
-3
(-26 - 4) + (-3 - -3) + -7 + 1
-36
Calculate 16 - (12 - (-10 - -12)).
6
(-2 - 3) + 2 + (-6 - -7) + -8
-10
What is the value of -19 + 12 - (8 + (-3 - 0))?
-12
What is -14 - (-9 + (1 - -5))?
-11
Calculate -2 + 6 + (18 - (8 + -4) - -2).
20
(-18 + 18 - 3) + 10 + 2 + -2
7
Calculate 43 + 3 + -41 + 19.
24
Calculate -11 - (-11 + -3 + -7 + 17).
-7
Evaluate (-2 - -10) + -91 + 85.
2
15 + (16 - 16 - 3)
12
What is the value of -6 + 3 + -15 - (-20 - -14 - -4)?
-16
16 + 19 + 10 + -22
23
What is 9 - (-42 + 43 + (-1 - (-2 + 6)))?
13
Evaluate -7 + 1 + (-36 + 21 - (0 + -4)).
-17
24 - (16 + (-13 - -15))
6
-5 - (252 - 266 - (-22 - -1))
-12
What is the value of 14 + (-18 - (12 + -5 - 17))?
6
Calculate 5 - (12 + 5 + (-1 - -1 - 2)).
-10
51 + -12 + (1 - (12 + -7))
35
12 - ((13 - 8) + -7) - 29
-15
Evaluate (-4 + 53 - 3) + -4 + -19 + 14.
37
Calculate 5 - 1 - (6 - 1 - (217 + -213)).
3
Evaluate (-11 + -2 - -2) + 20.
9
-15 + 9 - (-54 + 40)
8
What is -15 - (21 + (-28 - -10))?
-18
16 + (7 + -8 + -4 + 3 - 0)
14
What is the value of -5 + (12 + -21 - (-1 - 1))?
-12
(5 - (1 - 3 - -2)) + 2 + -7
0
What is 43 - (-20 + 22 + 2)?
39
What is the value of -2 - (4 + (1 - (3 - 2) - 17))?
11
What is the value of (2 - (-26 + 1)) + (188 - 194)?
21
What is -5 + 0 - (-26 + 14) - (8 + -5)?
4
-21 - ((84 - 79) + (1 - 9))
-18
Evaluate 13 + 7 + (4 - (5 + -8)).
27
What is the value of 13 - ((-28 - -27) + 36)?
-22
What is the value of -5 + -3 - (-5 - ((-8 - -7) + -1))?
-5
What is the value of (15 - 20) + 0 + 3 + -4 + 21?
15
Evaluate -1 - 12 - (-376 - -351).
12
What is the value of 10 + (-4 - (-11 - -21)) - (-1 - 1)?
-2
Evaluate 10 + -1 - (11 + -1).
-1
Calculate 10 - (-18 + 4 + 9 - -2).
13
12 + 6 + (15 - 22)
11
What is (-6 - -9) + -16 + (-7 - -19) + -5?
-6
Calculate -3 + (47 - (79 + -42)).
7
Evaluate 425 + -397 - (13 - 1).
16
What is the value of (11 - -13) + -11 + 2 + -14?
1
What is the value of (-71 - -33) + (11 - -3)?
-24
Evaluate -21 - -4 - (3 - 17) - (-19 - -1).
15
Evaluate (-7 - -22) + -1 + -24.
-10
6 - (12 + -4 + -9)
7
What is the value of -29 - ((-20 - 3) + -8)?
2
-25 + -3 + 19 + (1 - -1)
-7
Evaluate 2 - (8 - (-9 + 18 - 2)).
1
What is -2 + (-17 - -8) + 11?
0
What is the value of (-32 - -22 - (-37 - 2)) + -3 + 0?
26
What is -9 + (-26 + 15 - -33) + 18?
31
Calculate -1 - 3 - (-2 + -2 + 3) - -6.
3
(-5 - ((-5 + -2 - -7) + -6)) + -5
-4
What is 0 - -7 - (333 + -345)?
19
Evaluate 1 - (-3 + 4) - -3 - (3 - 2).
2
Calculate 202 + -199 + 2 + -24.
-19
Calculate 6 - (0 - (9 - (-3 + 0))).
18
Calculate (25 + -31 + 2 - 4) + (7 - 0).
-1
What is 23 - (6 + 19 + 4)?
-6
Calculate -4 - (4 - (7 - (-9 - -14 - 4))).
-2
8 + -24 - -52 - (6 - (1 + 1))
32
What is (23 - 1) + (-94 - -82)?
10
Evaluate 1 + 12 + -3 - 60 - -17.
-33
Calculate -16 + (-13 - -4) + 23.
-2
(-2 - -3 - -1) + 70 + -73
-1
What is the value of 1 + 6 + (9 - 7) + (-28 - -29)?
10
What is the value of -2 + (-7 + -2 + 5 + 11 - 12)?
-7
What is the value of -1 + -3 - (-65 + 67) - -23?
17
What is 19 - (-190 - -195 - (2 + -14))?
2
Evaluate (8 + (20 - 20) - (-2 + 7)) + -17.
-14
What is 1 + 6 - (152 - 162 - (1 + -31))?
-13
Calculate (5 - 13) + 3 + (-6 - 0).
-11
What is 5 + (-22 - -4) + 10 + 1 + -7?
-9
1 - (17 + -33) - 19
-2
1 - (7 + -13 - (-8 - -4))
3
Calculate -28 + -2 - (-10 + 11).
-31
What is 23 + -18 + (-2 - 7) - 30?
-34
What is -6 - (14 + 10 + -19)?
-11
What is the value of (2 - -5 - -3) + (-13 - -7)?
4
What is (0 + -2 - (-20 + 17)) + (-3 - 0)?
-2
What is the value of -16 + (-8 - -12) + 13 + -4?
-3
Evaluate 28 - (4 - (7 + -10 - -4) - -5).
20
What is the value of (-84 - -56) + (-2 - (-4 + 1 + -3))?
-24
What is (14 - 0) + -369 + 363?
8
Evaluate 13 + 1 - (0 + 2 + 12 + -10).
10
Evaluate -10 + 1 + 4 + -9 + 6 + -2.
-10
What is the value of -2 + 38 + -44 + (2 - (0 - 2))?
-4
Calculate 6 - (7 + -1 + -15).
15
(3 - -9 - (-8 - -39)) + 7
-12
What is (2509 - 2506) + (1 - 21)?
-17
Calculate 0 - (22 + 2) - (-81 + 74).
-17
-24 + (-23 - (16 - 76))
13
Calculate -13 + (32 - (-11 + 24)) + 1 + -21.
-14
Evaluate (-9 + 23 - 8) + -4.
2
What is -7 + (5 + -9 - -14) - (-5 - -24)?
-16
Evaluate -3 + 13 + -17 - (-3 + (2 - -6)).
-12
4 + -1 + (33 - 26 - (20 + -7))
-3
What is -106 - -92 - (-14 - 2) - (0 - -10)?
-8
What is (-10 + 26 - -2) + (-7 - 0)?
11
Calculate (0 - -1) + -1 + 4 + -9 - -38.
33
-3 + 44 + (-100 - -30)
-29
What is the value of 2 + 26 + (21 - 54 - -28)?
23
Calculate (2 - -6) + -4 + -2 - -6.
8
What is (-5 - (1 + -1)) + -3 + -7 - -3?
-12
-13 + 1 - (41 - 31 - (25 - 9))
-6
-21 - (5 + -2 - (27 + -16))
-13
Calculate -10 - (8 + (2 - 10 - -14 - 9)).
-15
What is the value of 16 + (0 - -8 - 6) + -2 - 7?
9
What is the value of 160 + -177 - (-1 - (4 - -7))?
-5
What is the value of -8 - (-2 + 1 + -6 - (-18 - -19))?
0
Calculate -10 + -10 + 29 + (-15 - 0).
-6
Evaluate 11 + 156 + -139 + (0 - 55).
-27
2 + 2 - (9 - (33 + -41))
-13
What is the value of 114 + -138 + 2 + 3?
-19
What is (0 + 2 - 15) + 4?
-9
Evaluate -14 - -36 - 10 - -6 - (16 - 7).
9
What is 2 - (3 - (11 - 17) - -1)?
-8
What is -21 + (15 - 10 - -4) - 8?
-20
Evaluate 0 + 4 - (12 - 10) - (4 + 1).
-3
What is (-9 + 15 - 3 - -5) + -6?
2
What is the value of -22 + (16 - -8) - 20?
-18
What is (-6 + 13 - 0 - 32) + (-15 - -16)?
-24
Evaluate 2 + -13 - (-12 - -8 - (5 + -13)).
-15
Calculate (-2 - -2) + (22 - (-5 + 13) - 2).
12
Evaluate 32 - (20 - -1 - 12).
23
What is 16 - (-1 + -2) - 2?
17
-10 + 13 + (5 + 5 - 13)
0
Evaluate 11 + (-12 - -6 - 1) + -13.
-9
(8 + -17 + 10 - -9) + 1
11
Calculate (-15 + 24 - 27) + -4.
-22
Evaluate 14 + (-8 - ((1 - 1) + 1)).
5
Evaluate -699 + 702 + 3 + 1.
7
What is -53 + -32 + 12 + 51?
-22
What is the value of -18 - -25 - -8 - 29?
-14
(0 - -2) + 21 + (76 - 85)
14
Evaluate -5 + 0 + -3 + (33 - 42) + 6.
-11
What is (1 + -11 - -12) + -7 + -8?
-13
What is the value of 292 + -332 - (-19 + 1)?
-22
Calculate -6 - -30 - (80 - 31).
-25
What is the value of (8 - 3) + 0 + (0 + -7 - -24)?
22
What is the value of 6 + 1 + 4 + -4 - (-3 - -2)?
8
Evaluate -4 - -6 - (4 + -10).
8
Calculate -7 + (25 - 32 - (-1 - 12)).
-1
Calculate 2 - ((-2 - 1) + 9 - -4 - -2).
-10
What is 558 + -526 - (-1 + 0)?
33
Calculate (-2 - -10) + (2 + -1 - (-32 - -38)).
3
Calculate -10 + (1 - 19) + (-75 - -84).
-19
What is the value of 0 - (8 + 1) - (-40 + (-17 - -26))?
22
-5 + 1 + -2 - (-392 - -397)
-11
What is the value of -2 + (-16 - -23) - -6?
11
Calculate 0 + (-2 - 22) + (288 - 281).
-17
Evaluate -1 + 0 + (21 - (-7 + 21)).
6
What is 2 - 22 - (-9 + -12)?
1
What is the value of 1 - 1 - (10 + (-17 - -3 - -8))?
-4
What is the value of -3 + (-1 - -5 - 6) + -2 - -1?
-6
Evaluate -29 - -28 - 11 - -24.
12
Calculate -2 + 7 + -11 + 0 - 8.
-14
(7 - 25 - 4) + 8 + 0 + -2
-16
Evaluate (-13 - (-6 + -43)) + -15.
21
(-6 - (-6 + 3)) + (19 - 10) - 13
-7
(-32 - -28) + -3 + 2
-5
What is -4 + (8 - (17 - (8 + -9)))?
-14
-29 - (-31 - (-33 + 9))
-22
Evaluate (-12 - -33 - 34) + 16.
3
Calculate 2 - ((2 - 0 - 6) + 62 + -65).
9
-13 - -14 - (13 + -2)
-10
Calculate -2 + -3 + (-2 - -4 - 0) + 5.
2
-17 + (-29 - (-6 + -27))
-13
Calculate (-1 - 7) + (-5 + 13 - 3).
-3
What is the value of (-2 - (-16 + 11)) + -1?
2
-9 - (-3 - 3 - (-7 + -2))
-12
5 - (5 + 11 + -17 + (3 - -8))
-5
What is the value of (3 + -6 - (-1 - 1)) + -11 + 15?
3
2 + -9 + (11 - 16 - -14)
2
-6 + -5 + (-3 + 0 - -3)
-11
Evaluate -2 + 19 + -6 + 6 + 15.
32
What is (-13 - -2) + (-3 - (7 - 5))?
-16
Evaluate (0 - 0) + -304 + 291 - (-8 + 1).
-6
What is (-3 - -